hat is 50 + 38?
88
In base 16, what is a0 + -4?
9c
In base 5, what is -2 - 4?
-11
In base 6, what is -1 - -5441?
5440
In base 7, what is 223 - -14?
240
In base 4, what is -102 + 20?
-22
In base 8, what is -2231 - 5?
-2236
In base 14, what is 2 + a1?
a3
In base 4, what is 3112 - 10?
3102
In base 10, what is -89 + -5?
-94
In base 6, what is 5 - 45550?
-45541
In base 13, what is 0 + -3c?
-3c
In base 7, what is 423 + 3?
426
In base 10, what is -114 + 7?
-107
In base 7, what is 0 + -534?
-534
In base 6, what is -111 - -1?
-110
In base 3, what is 1122110000 - 11?
1122102212
In base 16, what is 7 + 4?
b
In base 2, what is -10000 - -11?
-1101
In base 8, what is -4 - -12?
6
In base 15, what is -7c + -23?
-a0
In base 2, what is 10010000 + 100?
10010100
In base 11, what is 1 - 4a?
-49
In base 14, what is -174 - -7?
-16b
In base 4, what is 2 + -10331?
-10323
In base 10, what is 6560 - 2?
6558
In base 6, what is -2 + -44413?
-44415
In base 14, what is -80 - 8?
-88
In base 16, what is -a7 + 7?
-a0
In base 8, what is 4101 - 4?
4075
In base 8, what is -1 - 412?
-413
In base 14, what is 3 - 40?
-3b
In base 4, what is -1003 + 11?
-332
In base 7, what is 502 - -3?
505
In base 11, what is -a13 - -5?
-a09
In base 2, what is -1000111 - -10111000?
1110001
In base 2, what is -101 - -11001100101?
11001100000
In base 5, what is -242 + 13?
-224
In base 12, what is 266 + 3?
269
In base 15, what is -6 - -2a?
24
In base 3, what is 10200 - -12?
10212
In base 4, what is -20 - -21232?
21212
In base 7, what is 4 - 150?
-143
In base 2, what is -10000 - 1100111?
-1110111
In base 12, what is a6 - 17?
8b
In base 14, what is -7a0 - -2?
-79c
In base 15, what is 3d + 5b?
99
In base 15, what is a6b + 4?
a70
In base 3, what is -101121 + -1212?
-110110
In base 15, what is a1 + 1?
a2
In base 2, what is -11 - -11101110001?
11101101110
In base 3, what is -2211 + 20?
-2121
In base 16, what is -2 - -c1?
bf
In base 5, what is 244 + 101?
400
In base 10, what is -4444 + 0?
-4444
In base 13, what is 2 - -2865?
2867
In base 9, what is -1 + -107?
-108
In base 8, what is -1 + -1256?
-1257
In base 10, what is -1 + 2151?
2150
In base 2, what is -10001 + 100010?
10001
In base 8, what is -5 + -41?
-46
In base 14, what is 8 - 50?
-46
In base 13, what is -1019 + 2?
-1017
In base 12, what is 11 + 13a?
14b
In base 10, what is 101 - 3?
98
In base 10, what is -5 + -47?
-52
In base 4, what is 0 - 1021?
-1021
In base 8, what is -41 + -45?
-106
In base 10, what is 11780 + 4?
11784
In base 13, what is 1c1a - 1?
1c19
In base 7, what is 14524 + -3?
14521
In base 11, what is 20 + -68?
-48
In base 6, what is 4025 + -10?
4015
In base 12, what is -81 - -a2?
21
In base 5, what is 344 + -4?
340
In base 9, what is 2746 + -5?
2741
In base 5, what is 21031 + 1?
21032
In base 15, what is 2 - -d4?
d6
In base 3, what is 22101211 + 10?
22101221
In base 12, what is -17 - -1?
-16
In base 11, what is -2 - 18?
-1a
In base 6, what is 344 + 5?
353
In base 7, what is -26 + -23?
-52
In base 2, what is 10 - -100011?
100101
In base 13, what is -a - 216?
-223
In base 14, what is c9 + 4?
cd
In base 3, what is 222110 - -2?
222112
In base 15, what is 1354 - 5?
134e
In base 6, what is -1 + -42?
-43
In base 11, what is -20 - -2?
-19
In base 5, what is 31 - -302?
333
In base 10, what is 1209 - 1?
1208
In base 4, what is 3 + -23021?
-23012
In base 5, what is -10 - -24134?
24124
In base 7, what is 201050 - -2?
201052
In base 11, what is 4 + -1200?
-11a7
In base 2, what is -1100110 + -11?
-1101001
In base 4, what is -3010331 - 10?
-3011001
In base 12, what is 5 + -23?
-1a
In base 10, what is -1783 + 1?
-1782
In base 16, what is -ec + -2?
-ee
In base 4, what is -11 + 1033133?
1033122
In base 7, what is 26334 + 2?
26336
In base 13, what is -b - b9?
-c7
In base 5, what is 422 + 14?
441
In base 16, what is 1949 - -1?
194a
In base 4, what is -1331 + -10?
-2001
In base 2, what is -1101100 - -101?
-1100111
In base 11, what is 164 + -13?
151
In base 13, what is -32a - -16?
-314
In base 3, what is -1 - -110102?
110101
In base 14, what is 193 + 1?
194
In base 14, what is 3 - -1?
4
In base 4, what is 21 + 0?
21
In base 4, what is -2033 + 1103?
-330
In base 9, what is -527 - 12?
-540
In base 16, what is 0 - 6?
-6
In base 8, what is 35 - -3?
40
In base 7, what is 1103 + 0?
1103
In base 10, what is 2209 + 0?
2209
In base 12, what is -15 - -8a?
75
In base 12, what is -2705 + -2?
-2707
In base 10, what is -1 - -1061?
1060
In base 12, what is 2430 - -4?
2434
In base 10, what is 7 - -91?
98
In base 4, what is 1113 - 3?
1110
In base 14, what is 37 - 63?
-2a
In base 12, what is -466 + -3?
-469
In base 15, what is 1347 - -2?
1349
In base 5, what is -3 - 11112?
-11120
In base 14, what is 3 + -250?
-24b
In base 11, what is 929 + 4?
932
In base 12, what is -4 - -10a2?
109a
In base 3, what is -10 - -20111?
20101
In base 11, what is -2 - -55?
53
In base 7, what is -134 - -2?
-132
In base 8, what is -10636 - 0?
-10636
In base 9, what is -73 + 5?
-67
In base 12, what is -1 - -20?
1b
In base 12, what is -4 - 8?
-10
In base 16, what is -92 + -2c?
-be
In base 7, what is -15 + 102?
54
In base 7, what is 66 + 240?
336
In base 15, what is -442 - 0?
-442
In base 5, what is -2 - 41?
-43
In base 8, what is -462 - 2?
-464
In base 2, what is 110011001 - -10?
110011011
In base 12, what is 0 + ba0?
ba0
In base 4, what is 120 - 302?
-122
In base 11, what is 120 - -6?
126
In base 9, what is 41 - -6?
47
In base 2, what is -111010110111 - 110?
-111010111101
In base 4, what is -3 + -1122?
-1131
In base 10, what is 1 + 337?
338
In base 7, what is -2 - 43?
-45
In base 5, what is -213 - -210?
-3
In base 15, what is -5 + 10?
a
In base 4, what is 2210 - -2?
2212
In base 7, what is -5 - -16?
11
In base 15, what is -1c - -bc?
a0
In base 16, what is 59 + 2?
5b
In base 4, what is -102 - -1111?
1003
In base 12, what is -28a5 + -5?
-28aa
In base 10, what is -30206 + 0?
-30206
In base 12, what is 28 - 702?
-696
In base 13, what is 3 - -323?
326
In base 9, what is -20 - 15?
-35
In base 15, what is 297 - 8?
28e
In base 7, what is 1 - 12604?
-12603
In base 5, what is 11 - -20?
31
In base 10, what is 2 - -973?
975
In base 7, what is 3 - -24226?
24232
In base 15, what is -108 + 4?
-104
In base 16, what is e2 + -6?
dc
In base 11, what is -3 + 171?
169
In base 5, what is 22211 - 2?
22204
In base 12, what is 3 - -218?
21b
In base 8, what is 631 - -23?
654
In base 15, what is -3 + -6?
-9
In base 9, what is 4 + 22?
26
In base 16, what is -3 + -16c?
-16f
In base 4, what is -102 - 100?
-202
In base 2, what is -10100000 + 100?
-10011100
In base 5, what is 0 - -201?
201
In base 11, what is -19 - -2?
-17
In base 7, what is 1304 - -30?
1334
In base 12, what is -15 - -12?
-3
In base 3, what is 0 - -110122?
110122
In base 15, what is 17 - -65?
7c
In base 6, what is 5 + -12443?
-12434
In base 8, what is 2 - -2264?
2266
In base 10, what is 72 - 187?
-115
In base 12, what is -2 - -415?
413
In base 8, what is 3107 - 3?
3104
In base 8, what is -2240 - -2?
-2236
In base 5, what is -440 - -33?
-402
In base 16, what is c8 - -1?
c9
In base 9, what is -100 - -6?
-83
In base 9, what is 2 + 511?
513
In base 8, what is -42162 + -4?
-42166
In base 13, what is -5 - c6?
-cb
In base 12, what is -b0 + 1?
-ab
In base 4, what is -1312 - 110?
-2022
In base 10, what is -4 + 2091?
2087
In base 14, what is -1 - 15?
-16
In base 7, what is 1 - -133?
134
In base 2, what is -1000111 - -11000?
-101111
In base 12, what is -9 - -81?
74
In base 16, what is -5 - 1bf2?
-1bf7
In base 5, what is -3402 - -10?
-3342
In base 9, what is -8 - -732?
723
In base 14, what is -2 + -bd?
-c1
In base 12, what is 93 + -1?
92
In base 9, what is -25337 - -5?
-25332
In base 8, what is -10 - -17?
7
In base 14, what is -3b7 - -3?
-3b4
In base 2, what is 111000000111 - 10?
111000000101
In base 9, what is 5 + 330?
335
In base 8, what is -4 + -310?
-314
In base 10, what is 5 + 4?
9
In base 8, what is 10 + -417?
-407
In base 15, what is -5 - -dd?
d8
In base 6, what is 1035 - 0?
1035
In base 13, what is -4 + -48?
-4c
In base 15, what is -2 + 577?
575
In base 12, what is 2a13 - 1?
2a12
In base 2, what is 101101 - 1110111?
-1001010
In base 16, what is 356 - 6?
350
In base 6, what is 12 + 445?
501
In base 4, what is 23013 + -10?
23003
In base 8, what is 105 - -25?
132
In base 